{"id":284,"date":"2025-07-30T15:05:03","date_gmt":"2025-07-30T15:05:03","guid":{"rendered":"https:\/\/personae.16xv.com.br\/?page_id=284"},"modified":"2025-12-09T18:32:19","modified_gmt":"2025-12-09T18:32:19","slug":"solucoes","status":"publish","type":"page","link":"https:\/\/personae.16xv.com.br\/index.php\/solucoes\/","title":{"rendered":"Solu\u00e7\u00f5es"},"content":{"rendered":"\t\t<div data-elementor-type=\"wp-page\" data-elementor-id=\"284\" class=\"elementor elementor-284\" data-elementor-post-type=\"page\">\n\t\t\t\t<div class=\"elementor-element elementor-element-2b08025 e-flex e-con-boxed e-con e-parent\" data-id=\"2b08025\" data-element_type=\"container\">\n\t\t\t\t\t<div class=\"e-con-inner\">\n\t\t\t\t\t<\/div>\n\t\t\t\t<\/div>\n\t\t<div class=\"elementor-element elementor-element-9f842db e-flex e-con-boxed e-con e-parent\" data-id=\"9f842db\" data-element_type=\"container\">\n\t\t\t\t\t<div class=\"e-con-inner\">\n\t\t<div class=\"elementor-element elementor-element-e12db39 e-con-full e-flex e-con e-child\" data-id=\"e12db39\" data-element_type=\"container\">\n\t\t<div class=\"elementor-element elementor-element-8a74a8f e-con-full e-flex e-con e-child\" data-id=\"8a74a8f\" data-element_type=\"container\">\n\t\t\t\t<div class=\"elementor-element elementor-element-45168ff elementor-widget__width-initial elementor-widget-mobile__width-initial elementor-widget elementor-widget-heading\" data-id=\"45168ff\" data-element_type=\"widget\" data-widget_type=\"heading.default\">\n\t\t\t\t\t<h2 class=\"elementor-heading-title elementor-size-default\">A Personae tem outras solu\u00e7\u00f5es para voc\u00ea<\/h2>\t\t\t\t<\/div>\n\t\t\t\t<div class=\"elementor-element elementor-element-f429761 elementor-widget__width-initial elementor-widget-mobile__width-initial elementor-widget elementor-widget-text-editor\" data-id=\"f429761\" data-element_type=\"widget\" data-widget_type=\"text-editor.default\">\n\t\t\t\t\t\t\t\t\t<p>Pra quem vive o presente intensamente sem se descuidar do futuro! A Personae Corretora de Seguros tem o produto ideal que voc\u00ea procura. Com contrata\u00e7\u00e3o simplificada, do in\u00edcio ao fim, e adequado ao seu perfil. Conhe\u00e7a nossos outros produtos.<\/p>\t\t\t\t\t\t\t\t<\/div>\n\t\t\t\t<\/div>\n\t\t\t\t<\/div>\n\t\t<div class=\"elementor-element elementor-element-51e9185 e-con-full e-flex e-con e-child\" data-id=\"51e9185\" data-element_type=\"container\" data-settings=\"{&quot;background_background&quot;:&quot;classic&quot;}\">\n\t\t\t\t<div class=\"elementor-element elementor-element-cc31911 elementor-widget__width-initial elementor-widget elementor-widget-image-carousel\" data-id=\"cc31911\" data-element_type=\"widget\" data-settings=\"{&quot;slides_to_show&quot;:&quot;1&quot;,&quot;navigation&quot;:&quot;none&quot;,&quot;autoplay&quot;:&quot;yes&quot;,&quot;pause_on_hover&quot;:&quot;yes&quot;,&quot;pause_on_interaction&quot;:&quot;yes&quot;,&quot;autoplay_speed&quot;:5000,&quot;infinite&quot;:&quot;yes&quot;,&quot;effect&quot;:&quot;slide&quot;,&quot;speed&quot;:500}\" data-widget_type=\"image-carousel.default\">\n\t\t\t\t\t\t\t<div class=\"elementor-image-carousel-wrapper swiper\" role=\"region\" aria-roledescription=\"carousel\" aria-label=\"Carrossel de imagens\" dir=\"ltr\">\n\t\t\t<div class=\"elementor-image-carousel swiper-wrapper\" aria-live=\"off\">\n\t\t\t\t\t\t\t\t<div class=\"swiper-slide\" role=\"group\" aria-roledescription=\"slide\" aria-label=\"1 de 3\"><figure class=\"swiper-slide-inner\"><img decoding=\"async\" class=\"swiper-slide-image\" src=\"https:\/\/personae.16xv.com.br\/wp-content\/uploads\/elementor\/thumbs\/homem-lavoura-1-r9rmm537z09c03pjk66h96qsqc4qrzksqzefhiaptk.webp\" alt=\"homem-lavoura\" \/><\/figure><\/div><div class=\"swiper-slide\" role=\"group\" aria-roledescription=\"slide\" aria-label=\"2 de 3\"><figure class=\"swiper-slide-inner\"><img decoding=\"async\" class=\"swiper-slide-image\" src=\"https:\/\/personae.16xv.com.br\/wp-content\/uploads\/elementor\/thumbs\/casal-seguro-r9rmm6ywcobwnbmt96zqe69px3vh7ds9f8peg27xh4.webp\" alt=\"casal-seguro\" \/><\/figure><\/div><div class=\"swiper-slide\" role=\"group\" aria-roledescription=\"slide\" aria-label=\"3 de 3\"><figure class=\"swiper-slide-inner\"><img decoding=\"async\" class=\"swiper-slide-image\" src=\"https:\/\/personae.16xv.com.br\/wp-content\/uploads\/elementor\/thumbs\/trator-roca-1-r9rmm6125uambpo6eol3toi9bq03zooj341wys9bnc.webp\" alt=\"trator-roca\" \/><\/figure><\/div>\t\t\t<\/div>\n\t\t\t\t\t\t\t\n\t\t\t\t\t\t\t\t\t<\/div>\n\t\t\t\t\t\t<\/div>\n\t\t\t\t<\/div>\n\t\t\t\t\t<\/div>\n\t\t\t\t<\/div>\n\t\t<div class=\"elementor-element elementor-element-5e60809 e-flex e-con-boxed e-con e-parent\" data-id=\"5e60809\" data-element_type=\"container\">\n\t\t\t\t\t<div class=\"e-con-inner\">\n\t\t<div class=\"elementor-element elementor-element-7781442 e-con-full e-flex e-con e-child\" data-id=\"7781442\" data-element_type=\"container\">\n\t\t<div class=\"elementor-element elementor-element-095f6de e-con-full e-flex e-con e-child\" data-id=\"095f6de\" data-element_type=\"container\" data-settings=\"{&quot;background_background&quot;:&quot;classic&quot;}\">\n\t\t\t\t<div class=\"elementor-element elementor-element-d065815 elementor-widget elementor-widget-image\" data-id=\"d065815\" data-element_type=\"widget\" data-widget_type=\"image.default\">\n\t\t\t\t\t\t\t\t\t\t\t\t\t\t\t<img fetchpriority=\"high\" decoding=\"async\" width=\"800\" height=\"528\" src=\"https:\/\/personae.16xv.com.br\/wp-content\/uploads\/2025\/08\/previdencia.webp\" class=\"attachment-large size-large wp-image-1723\" alt=\"\" srcset=\"https:\/\/personae.16xv.com.br\/wp-content\/uploads\/2025\/08\/previdencia.webp 941w, https:\/\/personae.16xv.com.br\/wp-content\/uploads\/2025\/08\/previdencia-300x198.webp 300w, https:\/\/personae.16xv.com.br\/wp-content\/uploads\/2025\/08\/previdencia-768x507.webp 768w\" sizes=\"(max-width: 800px) 100vw, 800px\" \/>\t\t\t\t\t\t\t\t\t\t\t\t\t\t\t<\/div>\n\t\t\t\t<div class=\"elementor-element elementor-element-4eb9a12 elementor-widget elementor-widget-button\" data-id=\"4eb9a12\" data-element_type=\"widget\" data-widget_type=\"button.default\">\n\t\t\t\t\t\t\t\t\t\t<a class=\"elementor-button elementor-button-link elementor-size-sm\" href=\"https:\/\/personae.16xv.com.br\/index.php\/fale-conosco\/\">\n\t\t\t\t\t\t<span class=\"elementor-button-content-wrapper\">\n\t\t\t\t\t\t\t\t\t<span class=\"elementor-button-text\">previd\u00eancia<\/span>\n\t\t\t\t\t<\/span>\n\t\t\t\t\t<\/a>\n\t\t\t\t\t\t\t\t<\/div>\n\t\t\t\t<div class=\"elementor-element elementor-element-978b6e1 elementor-widget__width-initial elementor-widget elementor-widget-text-editor\" data-id=\"978b6e1\" data-element_type=\"widget\" data-widget_type=\"text-editor.default\">\n\t\t\t\t\t\t\t\t\t<p>Pense no seu futuro! Uma previd\u00eancia privada oferece renda extra e seguran\u00e7a para sua aposentadoria, com acompanhamento online e resgate facilitado.<\/p>\t\t\t\t\t\t\t\t<\/div>\n\t\t\t\t<\/div>\n\t\t<div class=\"elementor-element elementor-element-8f02cbe e-con-full e-flex e-con e-child\" data-id=\"8f02cbe\" data-element_type=\"container\" data-settings=\"{&quot;background_background&quot;:&quot;classic&quot;}\">\n\t\t\t\t<div class=\"elementor-element elementor-element-f33a6ef elementor-widget elementor-widget-image\" data-id=\"f33a6ef\" data-element_type=\"widget\" data-widget_type=\"image.default\">\n\t\t\t\t\t\t\t\t\t\t\t\t\t\t\t<img decoding=\"async\" width=\"800\" height=\"528\" src=\"https:\/\/personae.16xv.com.br\/wp-content\/uploads\/2025\/08\/resp-civil.webp\" class=\"attachment-large size-large wp-image-1727\" alt=\"\" srcset=\"https:\/\/personae.16xv.com.br\/wp-content\/uploads\/2025\/08\/resp-civil.webp 941w, https:\/\/personae.16xv.com.br\/wp-content\/uploads\/2025\/08\/resp-civil-300x198.webp 300w, https:\/\/personae.16xv.com.br\/wp-content\/uploads\/2025\/08\/resp-civil-768x507.webp 768w\" sizes=\"(max-width: 800px) 100vw, 800px\" \/>\t\t\t\t\t\t\t\t\t\t\t\t\t\t\t<\/div>\n\t\t\t\t<div class=\"elementor-element elementor-element-6638223 elementor-widget elementor-widget-button\" data-id=\"6638223\" data-element_type=\"widget\" data-widget_type=\"button.default\">\n\t\t\t\t\t\t\t\t\t\t<a class=\"elementor-button elementor-button-link elementor-size-sm\" href=\"https:\/\/personae.16xv.com.br\/index.php\/fale-conosco\/\">\n\t\t\t\t\t\t<span class=\"elementor-button-content-wrapper\">\n\t\t\t\t\t\t\t\t\t<span class=\"elementor-button-text\">Resp. Civil<\/span>\n\t\t\t\t\t<\/span>\n\t\t\t\t\t<\/a>\n\t\t\t\t\t\t\t\t<\/div>\n\t\t\t\t<div class=\"elementor-element elementor-element-05062f2 elementor-widget__width-initial elementor-widget elementor-widget-text-editor\" data-id=\"05062f2\" data-element_type=\"widget\" data-widget_type=\"text-editor.default\">\n\t\t\t\t\t\t\t\t\t<p>Seguran\u00e7a profissional! Proteja-se contra reclama\u00e7\u00f5es por erros ou omiss\u00f5es com nossa cobertura especializada para profissionais de diversas \u00e1reas.<\/p>\t\t\t\t\t\t\t\t<\/div>\n\t\t\t\t<\/div>\n\t\t<div class=\"elementor-element elementor-element-231fdef e-con-full e-flex e-con e-child\" data-id=\"231fdef\" data-element_type=\"container\" data-settings=\"{&quot;background_background&quot;:&quot;classic&quot;}\">\n\t\t\t\t<div class=\"elementor-element elementor-element-a71f289 elementor-widget elementor-widget-image\" data-id=\"a71f289\" data-element_type=\"widget\" data-widget_type=\"image.default\">\n\t\t\t\t\t\t\t\t\t\t\t\t\t\t\t<img decoding=\"async\" width=\"800\" height=\"528\" src=\"https:\/\/personae.16xv.com.br\/wp-content\/uploads\/2025\/08\/advs.webp\" class=\"attachment-large size-large wp-image-1731\" alt=\"\" srcset=\"https:\/\/personae.16xv.com.br\/wp-content\/uploads\/2025\/08\/advs.webp 941w, https:\/\/personae.16xv.com.br\/wp-content\/uploads\/2025\/08\/advs-300x198.webp 300w, https:\/\/personae.16xv.com.br\/wp-content\/uploads\/2025\/08\/advs-768x507.webp 768w\" sizes=\"(max-width: 800px) 100vw, 800px\" \/>\t\t\t\t\t\t\t\t\t\t\t\t\t\t\t<\/div>\n\t\t\t\t<div class=\"elementor-element elementor-element-4282df8 elementor-widget elementor-widget-button\" data-id=\"4282df8\" data-element_type=\"widget\" data-widget_type=\"button.default\">\n\t\t\t\t\t\t\t\t\t\t<a class=\"elementor-button elementor-button-link elementor-size-sm\" href=\"https:\/\/personae.16xv.com.br\/index.php\/fale-conosco\/\">\n\t\t\t\t\t\t<span class=\"elementor-button-content-wrapper\">\n\t\t\t\t\t\t\t\t\t<span class=\"elementor-button-text\">Advogados<\/span>\n\t\t\t\t\t<\/span>\n\t\t\t\t\t<\/a>\n\t\t\t\t\t\t\t\t<\/div>\n\t\t\t\t<div class=\"elementor-element elementor-element-94f94ae elementor-widget__width-initial elementor-widget elementor-widget-text-editor\" data-id=\"94f94ae\" data-element_type=\"widget\" data-widget_type=\"text-editor.default\">\n\t\t\t\t\t\t\t\t\t<p>Defenda sua seguran\u00e7a com tranquilidade! A parceria entre Personae Corretora de Seguros e OAB-MT oferece solu\u00e7\u00f5es de seguros personalizadas para a classe advocat\u00edcia.<\/p>\t\t\t\t\t\t\t\t<\/div>\n\t\t\t\t<\/div>\n\t\t<div class=\"elementor-element elementor-element-c833eb1 e-con-full e-flex e-con e-child\" data-id=\"c833eb1\" data-element_type=\"container\" data-settings=\"{&quot;background_background&quot;:&quot;classic&quot;}\">\n\t\t\t\t<div class=\"elementor-element elementor-element-61e0d0f elementor-widget elementor-widget-image\" data-id=\"61e0d0f\" data-element_type=\"widget\" data-widget_type=\"image.default\">\n\t\t\t\t\t\t\t\t\t\t\t\t\t\t\t<img loading=\"lazy\" decoding=\"async\" width=\"800\" height=\"528\" src=\"https:\/\/personae.16xv.com.br\/wp-content\/uploads\/2025\/08\/consorcio.webp\" class=\"attachment-large size-large wp-image-1735\" alt=\"\" srcset=\"https:\/\/personae.16xv.com.br\/wp-content\/uploads\/2025\/08\/consorcio.webp 941w, https:\/\/personae.16xv.com.br\/wp-content\/uploads\/2025\/08\/consorcio-300x198.webp 300w, https:\/\/personae.16xv.com.br\/wp-content\/uploads\/2025\/08\/consorcio-768x507.webp 768w\" sizes=\"(max-width: 800px) 100vw, 800px\" \/>\t\t\t\t\t\t\t\t\t\t\t\t\t\t\t<\/div>\n\t\t\t\t<div class=\"elementor-element elementor-element-6929478 elementor-widget elementor-widget-button\" data-id=\"6929478\" data-element_type=\"widget\" data-widget_type=\"button.default\">\n\t\t\t\t\t\t\t\t\t\t<a class=\"elementor-button elementor-button-link elementor-size-sm\" href=\"https:\/\/personae.16xv.com.br\/index.php\/fale-conosco\/\">\n\t\t\t\t\t\t<span class=\"elementor-button-content-wrapper\">\n\t\t\t\t\t\t\t\t\t<span class=\"elementor-button-text\">Cons\u00f3rcio<\/span>\n\t\t\t\t\t<\/span>\n\t\t\t\t\t<\/a>\n\t\t\t\t\t\t\t\t<\/div>\n\t\t\t\t<div class=\"elementor-element elementor-element-c71a099 elementor-widget__width-initial elementor-widget elementor-widget-text-editor\" data-id=\"c71a099\" data-element_type=\"widget\" data-widget_type=\"text-editor.default\">\n\t\t\t\t\t\t\t\t\t<p>Sonhe grande! Compre sua casa, carro ou moto sem juros ou taxas, com parcelas que cabem no seu bolso e chances de ganhar pr\u00eamios mensais.<\/p>\t\t\t\t\t\t\t\t<\/div>\n\t\t\t\t<\/div>\n\t\t\t\t<\/div>\n\t\t\t\t\t<\/div>\n\t\t\t\t<\/div>\n\t\t<div class=\"elementor-element elementor-element-02e4b4a e-flex e-con-boxed e-con e-parent\" data-id=\"02e4b4a\" data-element_type=\"container\" data-settings=\"{&quot;background_background&quot;:&quot;classic&quot;}\">\n\t\t\t\t\t<div class=\"e-con-inner\">\n\t\t\t\t<div class=\"elementor-element elementor-element-54a6052 elementor-align-center elementor-widget__width-initial elementor-widget elementor-widget-button\" data-id=\"54a6052\" data-element_type=\"widget\" data-widget_type=\"button.default\">\n\t\t\t\t\t\t\t\t\t\t<a class=\"elementor-button elementor-button-link elementor-size-sm elementor-animation-grow\" href=\"https:\/\/personae.16xv.com.br\/index.php\/fale-conosco\/\">\n\t\t\t\t\t\t<span class=\"elementor-button-content-wrapper\">\n\t\t\t\t\t\t\t\t\t<span class=\"elementor-button-text\">COTAR AGORA<\/span>\n\t\t\t\t\t<\/span>\n\t\t\t\t\t<\/a>\n\t\t\t\t\t\t\t\t<\/div>\n\t\t\t\t\t<\/div>\n\t\t\t\t<\/div>\n\t\t<div class=\"elementor-element elementor-element-3e24900 e-flex e-con-boxed e-con e-parent\" data-id=\"3e24900\" data-element_type=\"container\" data-settings=\"{&quot;background_background&quot;:&quot;classic&quot;}\">\n\t\t\t\t\t<div class=\"e-con-inner\">\n\t\t<div class=\"elementor-element elementor-element-6a44faf e-con-full e-flex e-con e-child\" data-id=\"6a44faf\" data-element_type=\"container\" data-settings=\"{&quot;background_background&quot;:&quot;classic&quot;}\">\n\t\t<div class=\"elementor-element elementor-element-4168a00 e-con-full e-flex e-con e-child\" data-id=\"4168a00\" data-element_type=\"container\">\n\t\t\t\t<div class=\"elementor-element elementor-element-98845f6 elementor-widget__width-initial elementor-widget-mobile__width-initial elementor-widget elementor-widget-heading\" data-id=\"98845f6\" data-element_type=\"widget\" data-widget_type=\"heading.default\">\n\t\t\t\t\t<h2 class=\"elementor-heading-title elementor-size-default\">Por que escolher nossos seguros?<\/h2>\t\t\t\t<\/div>\n\t\t\t\t<div class=\"elementor-element elementor-element-1cc8718 elementor-widget__width-initial elementor-widget-mobile__width-initial elementor-widget elementor-widget-text-editor\" data-id=\"1cc8718\" data-element_type=\"widget\" data-widget_type=\"text-editor.default\">\n\t\t\t\t\t\t\t\t\t<p>Saiba agora como \u00e9 simples fazer sua cota\u00e7\u00e3o para ve\u00edculo<\/p>\t\t\t\t\t\t\t\t<\/div>\n\t\t\t\t<\/div>\n\t\t<div class=\"elementor-element elementor-element-6c8d63d e-con-full e-flex e-con e-child\" data-id=\"6c8d63d\" data-element_type=\"container\">\n\t\t<div class=\"elementor-element elementor-element-a71833a e-grid e-con-full e-con e-child\" data-id=\"a71833a\" data-element_type=\"container\">\n\t\t<div class=\"elementor-element elementor-element-db7d022 e-con-full e-flex e-con e-child\" data-id=\"db7d022\" data-element_type=\"container\">\n\t\t\t\t<div class=\"elementor-element elementor-element-c503e37 elementor-widget elementor-widget-image\" data-id=\"c503e37\" data-element_type=\"widget\" data-widget_type=\"image.default\">\n\t\t\t\t\t\t\t\t\t\t\t\t\t\t\t<img loading=\"lazy\" decoding=\"async\" width=\"206\" height=\"121\" src=\"https:\/\/personae.16xv.com.br\/wp-content\/uploads\/2025\/07\/icons-_fone.webp\" class=\"elementor-animation-grow attachment-large size-large wp-image-587\" alt=\"\" \/>\t\t\t\t\t\t\t\t\t\t\t\t\t\t\t<\/div>\n\t\t\t\t<\/div>\n\t\t\t\t<div class=\"elementor-element elementor-element-00aede3 elementor-widget__width-initial elementor-widget-mobile__width-initial elementor-widget elementor-widget-text-editor\" data-id=\"00aede3\" data-element_type=\"widget\" data-widget_type=\"text-editor.default\">\n\t\t\t\t\t\t\t\t\t<p><strong>Atendimento humano e \u00e1gil<br \/><\/strong>Cuidar da experi\u00eancia do cliente \u00e9 muito importante para n\u00f3s.<\/p>\t\t\t\t\t\t\t\t<\/div>\n\t\t<div class=\"elementor-element elementor-element-9b017eb e-con-full e-flex e-con e-child\" data-id=\"9b017eb\" data-element_type=\"container\">\n\t\t\t\t<div class=\"elementor-element elementor-element-53584f9 elementor-widget elementor-widget-image\" data-id=\"53584f9\" data-element_type=\"widget\" data-widget_type=\"image.default\">\n\t\t\t\t\t\t\t\t\t\t\t\t\t\t\t<img loading=\"lazy\" decoding=\"async\" width=\"206\" height=\"121\" src=\"https:\/\/personae.16xv.com.br\/wp-content\/uploads\/2025\/07\/icons-_fala.webp\" class=\"elementor-animation-grow attachment-large size-large wp-image-586\" alt=\"\" \/>\t\t\t\t\t\t\t\t\t\t\t\t\t\t\t<\/div>\n\t\t\t\t<\/div>\n\t\t\t\t<div class=\"elementor-element elementor-element-c0199a1 elementor-widget-mobile__width-initial elementor-widget elementor-widget-text-editor\" data-id=\"c0199a1\" data-element_type=\"widget\" data-widget_type=\"text-editor.default\">\n\t\t\t\t\t\t\t\t\t<p><strong>Suporte multicanal<br \/><\/strong>Voc\u00ea resolve tudo online, mas se preferir, temos especialistas dispon\u00edveis por chat ou telefone para tirar d\u00favidas, negociar e fechar o seguro ideal para voc\u00ea.<\/p>\t\t\t\t\t\t\t\t<\/div>\n\t\t<div class=\"elementor-element elementor-element-fc7986d e-con-full e-flex e-con e-child\" data-id=\"fc7986d\" data-element_type=\"container\">\n\t\t\t\t<div class=\"elementor-element elementor-element-e96b57a elementor-widget elementor-widget-image\" data-id=\"e96b57a\" data-element_type=\"widget\" data-widget_type=\"image.default\">\n\t\t\t\t\t\t\t\t\t\t\t\t\t\t\t<img loading=\"lazy\" decoding=\"async\" width=\"206\" height=\"121\" src=\"https:\/\/personae.16xv.com.br\/wp-content\/uploads\/2025\/07\/icons-_config.webp\" class=\"elementor-animation-grow attachment-large size-large wp-image-585\" alt=\"\" \/>\t\t\t\t\t\t\t\t\t\t\t\t\t\t\t<\/div>\n\t\t\t\t<\/div>\n\t\t\t\t<div class=\"elementor-element elementor-element-b4390f4 elementor-widget-mobile__width-initial elementor-widget elementor-widget-text-editor\" data-id=\"b4390f4\" data-element_type=\"widget\" data-widget_type=\"text-editor.default\">\n\t\t\t\t\t\t\t\t\t<p><strong>Op\u00e7\u00f5es para personalizar<br \/><\/strong>Os planos e assist\u00eancias das seguradoras podem ser customizados de acordo com seu perfil e suas necessidades. Nada de cobertura que voc\u00ea n\u00e3o precisa.<\/p>\t\t\t\t\t\t\t\t<\/div>\n\t\t\t\t<\/div>\n\t\t\t\t<\/div>\n\t\t\t\t<\/div>\n\t\t\t\t\t<\/div>\n\t\t\t\t<\/div>\n\t\t\t\t<\/div>\n\t\t","protected":false},"excerpt":{"rendered":"<p>A Personae tem outras solu\u00e7\u00f5es para voc\u00ea Pra quem vive o presente intensamente sem se descuidar do futuro! A Personae Corretora de Seguros tem o produto ideal que voc\u00ea procura. Com contrata\u00e7\u00e3o simplificada, do in\u00edcio ao fim, e adequado ao seu perfil. Conhe\u00e7a nossos outros produtos. previd\u00eancia Pense no seu futuro! Uma previd\u00eancia privada oferece [&hellip;]<\/p>\n","protected":false},"author":1,"featured_media":0,"parent":0,"menu_order":0,"comment_status":"closed","ping_status":"closed","template":"elementor_header_footer","meta":{"footnotes":""},"class_list":["post-284","page","type-page","status-publish","hentry"],"_links":{"self":[{"href":"https:\/\/personae.16xv.com.br\/index.php\/wp-json\/wp\/v2\/pages\/284","targetHints":{"allow":["GET"]}}],"collection":[{"href":"https:\/\/personae.16xv.com.br\/index.php\/wp-json\/wp\/v2\/pages"}],"about":[{"href":"https:\/\/personae.16xv.com.br\/index.php\/wp-json\/wp\/v2\/types\/page"}],"author":[{"embeddable":true,"href":"https:\/\/personae.16xv.com.br\/index.php\/wp-json\/wp\/v2\/users\/1"}],"replies":[{"embeddable":true,"href":"https:\/\/personae.16xv.com.br\/index.php\/wp-json\/wp\/v2\/comments?post=284"}],"version-history":[{"count":205,"href":"https:\/\/personae.16xv.com.br\/index.php\/wp-json\/wp\/v2\/pages\/284\/revisions"}],"predecessor-version":[{"id":1868,"href":"https:\/\/personae.16xv.com.br\/index.php\/wp-json\/wp\/v2\/pages\/284\/revisions\/1868"}],"wp:attachment":[{"href":"https:\/\/personae.16xv.com.br\/index.php\/wp-json\/wp\/v2\/media?parent=284"}],"curies":[{"name":"wp","href":"https:\/\/api.w.org\/{rel}","templated":true}]}}